t i(b) = b**2 + 28*b + 119. Determine i(-21).
-28
Let k(m) = m**2 - 13*m + 33. What is k(6)?
-9
Let z(r) = 15*r**3 - r**2 + 4*r - 3. Calculate z(1).
15
Let m(h) = 2*h - 18. Give m(-6).
-30
Let h(f) = -f**2 + 10*f. What is h(8)?
16
Let s(g) = -g**2 - 8*g - 6. Give s(-9).
-15
Let m(r) = r**3 - r**2 - 7*r - 3. Give m(-2).
-1
Let s(v) = 2*v**2 - 7*v - 4. Give s(6).
26
Let s(m) = -7*m - 4. Determine s(-3).
17
Let w(l) = l**2 + 7*l - 87. What is w(-14)?
11
Let t(f) = f**2 + 4*f - 1. Determine t(-5).
4
Let i(h) = -h - 15. Give i(-17).
2
Let d(g) = -g**2 - g - 34. Give d(0).
-34
Let j(p) = -p**3 - 7*p**2 - 12*p - 9. Calculate j(-4).
-9
Let m(p) = -54*p + 161. Give m(3).
-1
Let i(a) = -2*a**3 + 23*a**2 - 11*a + 9. Give i(11).
9
Let k(f) = -f**3 + 9*f**2 + 4*f - 14. Calculate k(6).
118
Let p(y) = 42*y + 434. Determine p(-10).
14
Let l(g) = -3*g + 38. Give l(19).
-19
Let w(c) = 3*c + 5. What is w(0)?
5
Let l(c) = -c**2 - 10*c - 17. Determine l(-9).
-8
Let o(a) = -10*a + 5. What is o(1)?
-5
Let a(q) = -3*q - 31. What is a(-8)?
-7
Let b(o) = -3*o - 5. Determine b(-4).
7
Let g(d) = 18*d + 348. Give g(-18).
24
Let n(q) = q**3 - q**2 - 7*q + 2. Determine n(2).
-8
Let g(p) = -p**2 - p + 50. Give g(0).
50
Let p(f) = f + 14. Give p(15).
29
Let t(h) = h**2 + 3*h - 14. Determine t(-5).
-4
Let r(c) = c**3 + 6*c - 3. Determine r(4).
85
Let x(b) = -b**3 + 3*b**2 + 16*b - 23. Give x(5).
7
Let u(l) = -l**2 + 8*l + 21. Determine u(10).
1
Let k(g) = -g**3 - 7*g**2 - 11*g - 8. Calculate k(-5).
-3
Let a(t) = t + 15. Determine a(-9).
6
Let d(k) = 4*k**2 - 3*k + 8. Calculate d(2).
18
Let m(f) = -46*f + 181. Give m(4).
-3
Let w(j) = -j**3 - 3*j**2 + 7*j - 14. What is w(4)?
-98
Let k(g) = g**2 - g + 3. Determine k(2).
5
Let l(o) = o**3 - 3*o**2 - 5*o + 2. Determine l(-3).
-37
Let t(w) = -w**2 - 3*w - 1. Calculate t(-2).
1
Let k(t) = 3*t**2 + 21*t + 1. Calculate k(-7).
1
Let v(g) = -12*g + 111. Determine v(9).
3
Let a(v) = 6*v**3 + 4*v**2 + v - 2. Determine a(-1).
-5
Let d(z) = -z**3 - 4*z**2 + z - 9. Give d(-4).
-13
Let m(k) = -11*k - 2. What is m(2)?
-24
Let l(m) = -m**3 - 18*m**2 + 4*m + 21. Determine l(-18).
-51
Let j(n) = -n**3 - 7*n**2 + 3*n. Determine j(-7).
-21
Let w(r) = -5*r - 45. Determine w(-9).
0
Let b(a) = a**3 + 12*a**2 + 9*a + 16. Determine b(-10).
126
Let f(a) = a**3 + 4*a**2 - 2*a + 3. What is f(-4)?
11
Let t(o) = -22*o**3 + 2*o - 2. Determine t(1).
-22
Let x(p) = -p + 23. Calculate x(-20).
43
Let w(x) = -20*x - 3. Give w(1).
-23
Let h(l) = -12*l + 57. Calculate h(5).
-3
Let u(i) = -131*i - 660. Give u(-5).
-5
Let m(l) = -2*l**3 - 8*l**2 - 11*l. Give m(-3).
15
Let b(u) = u + 19. What is b(-11)?
8
Let t(p) = p - 9. Determine t(6).
-3
Let b(p) = -9*p + 4. Determine b(-6).
58
Let t(g) = -2*g**2 + 67*g - 1. Determine t(33).
32
Let o(x) = -x**2 - 6*x + 19. Determine o(-7).
12
Let d(m) = 4*m + 10. Give d(-4).
-6
Let x(m) = 2*m + 5. Calculate x(3).
11
Let c(m) = -m**2 + 3*m + 10. What is c(5)?
0
Let o(h) = -2*h + 39. Give o(12).
15
Let j(w) = -18*w - 5. Give j(3).
-59
Let t(n) = n**2 + n + 11. What is t(0)?
11
Let c(t) = -t**2 + 28*t - 76. Give c(23).
39
Let m(u) = 2*u**2 - 8*u + 10. What is m(5)?
20
Let n(m) = m**3 + m**2 - 33*m + 9. Give n(5).
-6
Let x(l) = l**2 - l - 18. Determine x(-4).
2
Let g(m) = m**2 - 28*m + 155. What is g(20)?
-5
Let n(z) = z**3 + 10*z**2 - 3. What is n(-10)?
-3
Let g(y) = -79*y + 3. Calculate g(1).
-76
Let w(d) = d + 47. Determine w(-14).
33
Let o(z) = -z**3 + 15*z**2 + 11*z + 26. Give o(16).
-54
Let r(z) = -2*z - 1. Determine r(-6).
11
Let z(q) = 2*q + 18. Determine z(-7).
4
Let f(m) = -2*m - 9. Calculate f(-4).
-1
Let j(a) = -a**2 - 13*a - 35. Give j(-4).
1
Let d(v) = 4*v**3 - 20*v**2 + v - 3. Determine d(5).
2
Let x(b) = 2*b**2 + 21*b + 34. What is x(-9)?
7
Let v(o) = 51*o**3 - 2*o - 1. Determine v(-1).
-50
Let b(q) = -2*q**2 - 7*q + 14. Determine b(-10).
-116
Let v(f) = f**3 + 5*f**2 - 2*f + 6. Give v(-4).
30
Let i(b) = -b**2 - 28*b + 8. Give i(0).
8
Let n(p) = p**2 - 6*p - 56. Determine n(11).
-1
Let c(p) = p**2 - 2*p - 72. Calculate c(-8).
8
Let p(l) = -2*l**3 + 11*l**2 + 6*l + 104. Determine p(7).
-1
Let l(h) = -3*h**2 + 17*h + 3. Give l(6).
-3
Let z(n) = 2*n**2 - 2*n - 28. Give z(4).
-4
Let n(i) = i**3 + i**2 - 5*i - 5. What is n(-3)?
-8
Let y(u) = -u**2 + 19*u - 8. Determine y(0).
-8
Let q(l) = -6*l**3 - l + 1. What is q(1)?
-6
Let z(t) = -3*t - 2. Calculate z(2).
-8
Let m(s) = -s**2 - 3*s + 35. Determine m(-19).
-269
Let n(k) = k**3 + 2*k**2 + 2*k + 3. Determine n(-3).
-12
Let b(d) = -d**3 + 5*d**2 + 10*d - 2. Calculate b(5).
48
Let l(d) = -d**2 + 8*d - 4. Calculate l(7).
3
Let h(j) = -23*j - 150. What is h(-5)?
-35
Let l(t) = t**3 + 9*t**2 - 22*t. Determine l(-11).
0
Let v(j) = -3*j - 7. Give v(-5).
8
Let s(o) = o**3 - 2*o**2 + 4*o - 10. What is s(5)?
85
Let q(n) = -4*n - 3. What is q(0)?
-3
Let i(t) = t**3 + 7*t**2 - 6*t - 6. Calculate i(-4).
66
Let k(g) = 3*g**2 - 72*g + 5. Calculate k(24).
5
Let d(l) = -11*l + 3. What is d(2)?
-19
Let z(n) = -n**3 - n**2 + 3*n + 64. What is z(0)?
64
Let p(i) = 6*i + 10. Give p(-7).
-32
Let y(i) = -6*i - 80. What is y(-14)?
4
Let u(d) = -d + 10. What is u(23)?
-13
Let s(q) = q**2 + 22*q + 32. Determine s(-22).
32
Let u(o) = -o**3 - 4*o**2 + 2*o - 1. What is u(-5)?
14
Let b(l) = -2*l + 65. Determine b(0).
65
Let s(t) = t**3 + 29*t**2 + 77*t - 26. Determine s(-26).
0
Let n(j) = 3*j**2 + 68*j + 44. What is n(-22)?
0
Let u(m) = -17*m + 84. Calculate u(5).
-1
Let v(d) = d**3 + 2*d + 3. What is v(-2)?
-9
Let v(y) = -3*y + 36. What is v(17)?
-15
Let f(b) = b**3 - 6*b**2 - b + 5. Give f(6).
-1
Let n(v) = -32*v**2 - v + 1. Calculate n(-1).
-30
Let i(q) = 6*q - 134. What is i(23)?
4
Let y(v) = -20*v**2 + 7*v - 3. Calculate y(2).
-69
Let x(w) = w**2 + 6*w + 14. Give x(-6).
14
Let w(x) = 9*x**2 + 2*x - 8. Give w(2).
32
Let x(d) = 2*d**3 - 16*d**2 - 6*d + 7. Determine x(7).
-133
Let y(w) = w - 6. Calculate y(3).
-3
Let g(c) = 19*c - 71. What is g(4)?
5
Let n(c) = -c**3 + 10*c**2 + 9*c - 6. What is n(11)?
-28
Let o(d) = -d**3 - d**2 - 43. What is o(0)?
-43
Let v(h) = 2*h**3 - 11*h**2 - 4*h - 4. Calculate v(6).
8
Let q(u) = u**2 + 18. Determine q(0).
18
Let l(k) = -3*k**2 + 3*k - 5. Calculate l(2).
-11
Let s(t) = t - 1. Give s(9).
8
Let v(p) = p**3 + 14*p**2 + 51*p + 2. Determine v(-7).
-12
Let x(a) = 4*a**2 - 38*a - 6. Determine x(9).
-24
Let l(b) = -b**3 + 11*b**2 + 25*b + 6. Calculate l(13).
-7
Let v(n) = -n**3 - 7*n**2 + 9*n + 12. What is v(-8)?
4
Let a(p) = 15*p**2 - 10*p + 1. Determine a(2).
41
Let m(c) = -c**2 + 11*c - 34. What is m(7)?
-6
Let q(k) = -k**3 + 17*k**2 + 39*k - 11. Determine q(19).
8
Let t(a) = -a**2 - 3*a + 5. Calculate t(2).
-5
Let w(c) = -c**3 + 14*c**2 - 14*c + 11. Give w(13).
-2
Let y(q) = q**2 - 10*q - 139. Determine y(18).
5
Let d(y) = -y**3 - 21*y**2 + 21*y + 9. What is d(-22)?
31
Let p(q) = -7*q**2 - 26*q - 7. What is p(-3)?
8
Let i(l) = 2*l**2 - 12*l - 65. What is i(-7)?
117
Let u(n) = n**2 - 3*n + 1. Give u(-6).
55
Let l(w) = -w**2 + 47*w - 338. What is l(38)?
4
Let k(m) = -m + 13. Determine k(4).
9
Let f(k) = -k**2 + 11*k + 28. Calculate f(15).
-32
Let d(k) = -3*k**3 - 2*k**2 + 8*k + 8. What is d(-4)?
136
Let i(m) = -3*m**3 - 3*m**2 - 3*m - 2. What is i(-1)?
1
Let a(y) = y**2 - 5*y + 6. Give a(-5).
56
Let l(a) = -a**3 - 23*a**2 - 3*a - 76. Determine l(-23).
-7
Let d(g) = -2*g + 52. Determine d(-9).
70
Let b(u) = 25*u - 178. Calculate b(7).
-3
Let i(t) = -t**3 + 7*t**2 + 3*t - 12. What is i(7)?
9
Let i(c) = c**3 + 4*c**2 + 1. Give i(-3).
10
Let n(z) = -31*z - 150. Determine n(-5).
5
Let j(i) = 6*i - 41. Determine j(7).
1
Let l(y) = 9*y - 37. What is l(5)?
8
Let l(u) = 34*u - 14. What is l(-3)?
-116
Let y(b) = 2*b**2 - 6*b + 7. Give y(3).
7
Let k(v) = -v**3 + 2*v**2 - v - 1. Determine k(3).
-13
Let s(i) = -i**3 + 6*i**2 - 10*i + 4. What is s(4)?
-4
Let k(l) = l**2 - 3*l - 10. What is k(-7)?
60
Let u(l) = -l**2 - 10*l - 29. Give u(-13).
-68
Let y(a) = a**3 + 5*a**2 + 2*a + 10. What is y(-5)?
0
Let t(f) = -5*f + 7. Calculate t(3).
-8
Let f(z) = z**2 + 4*z - 9. Calculate f(-6).
3
Let o(i) = i**2 + 7*i + 10. Give o(-8).
18
Let m(a) = 2*a**2 + 6*a + 6. Determine m(-6).
42
Let b(s) = 27*s - 1. Give b(-1).
-28
Let m(f) = f**2 + 8*f + 5. Give m(-5).
-10
Let p(v) = -v**2 - 9*v + 16